
What is the tens digit of 3593?
9
What is the units digit of 1585?
5
What is the hundreds digit of 458?
4
What is the units digit of 63?
3
What is the tens digit of 4695?
9
What is the units digit of 5558?
8
What is the tens digit of 13809?
0
What is the units digit of 6894?
4
What is the hundreds digit of 27420?
4
What is the hundreds digit of 4661?
6
What is the units digit of 27244?
4
What is the thousands digit of 78896?
8
What is the thousands digit of 1396?
1
What is the hundreds digit of 283?
2
What is the thousands digit of 7212?
7
What is the tens digit of 36023?
2
What is the ten thousands digit of 40356?
4
What is the hundreds digit of 17650?
6
What is the hundreds digit of 4668?
6
What is the units digit of 94800?
0
What is the hundreds digit of 9846?
8
What is the thousands digit of 45828?
5
What is the thousands digit of 1289?
1
What is the tens digit of 51570?
7
What is the hundreds digit of 10442?
4
What is the units digit of 51293?
3
What is the units digit of 4301?
1
What is the tens digit of 13719?
1
What is the tens digit of 8258?
5
What is the hundreds digit of 717?
7
What is the tens digit of 8406?
0
What is the ten thousands digit of 66285?
6
What is the hundreds digit of 27289?
2
What is the units digit of 2?
2
What is the tens digit of 77672?
7
What is the tens digit of 320?
2
What is the hundreds digit of 5744?
7
What is the tens digit of 449?
4
What is the hundreds digit of 2061?
0
What is the units digit of 43660?
0
What is the tens digit of 23828?
2
What is the units digit of 4082?
2
What is the thousands digit of 5937?
5
What is the thousands digit of 5979?
5
What is the thousands digit of 13865?
3
What is the tens digit of 559?
5
What is the thousands digit of 39251?
9
What is the tens digit of 306?
0
What is the tens digit of 604?
0
What is the units digit of 1395?
5
What is the hundreds digit of 2616?
6
What is the ten thousands digit of 114497?
1
What is the hundreds digit of 4641?
6
What is the hundreds digit of 1539?
5
What is the hundreds digit of 54304?
3
What is the hundreds digit of 115174?
1
What is the tens digit of 1387?
8
What is the tens digit of 123496?
9
What is the hundreds digit of 654?
6
What is the units digit of 30962?
2
What is the units digit of 11383?
3
What is the hundreds digit of 7657?
6
What is the tens digit of 26772?
7
What is the thousands digit of 2980?
2
What is the units digit of 806?
6
What is the tens digit of 111?
1
What is the tens digit of 859?
5
What is the hundreds digit of 182?
1
What is the hundreds digit of 198?
1
What is the thousands digit of 6368?
6
What is the hundreds digit of 39178?
1
What is the units digit of 18803?
3
What is the units digit of 6681?
1
What is the units digit of 16171?
1
What is the units digit of 6132?
2
What is the thousands digit of 10423?
0
What is the ten thousands digit of 47043?
4
What is the units digit of 137?
7
What is the ten thousands digit of 13040?
1
What is the units digit of 33?
3
What is the thousands digit of 2829?
2
What is the thousands digit of 9799?
9
What is the tens digit of 1846?
4
What is the units digit of 10751?
1
What is the units digit of 871?
1
What is the units digit of 16670?
0
What is the ten thousands digit of 20242?
2
What is the hundreds digit of 2906?
9
What is the units digit of 930?
0
What is the units digit of 2074?
4
What is the thousands digit of 9033?
9
What is the tens digit of 36630?
3
What is the tens digit of 8980?
8
What is the units digit of 1187?
7
What is the units digit of 48263?
3
What is the hundreds digit of 782?
7
What is the thousands digit of 3013?
3
What is the hundreds digit of 1948?
9
What is the tens digit of 29502?
0
What is the thousands digit of 9880?
9
What is the hundreds digit of 48094?
0
What is the tens digit of 2549?
4
What is the thousands digit of 66024?
6
What is the units digit of 35980?
0
What is the tens digit of 1149?
4
What is the thousands digit of 34207?
4
What is the ten thousands digit of 45983?
4
What is the units digit of 8683?
3
What is the units digit of 7064?
4
What is the units digit of 34795?
5
What is the thousands digit of 22918?
2
What is the tens digit of 9040?
4
What is the hundreds digit of 312?
3
What is the tens digit of 2339?
3
What is the hundreds digit of 6546?
5
What is the hundreds digit of 298?
2
What is the units digit of 3670?
0
What is the tens digit of 11534?
3
What is the tens digit of 324?
2
What is the thousands digit of 72561?
2
What is the units digit of 841?
1
What is the thousands digit of 3066?
3
What is the thousands digit of 3851?
3
What is the hundreds digit of 115?
1
What is the units digit of 53240?
0
What is the units digit of 34?
4
What is the hundreds digit of 1343?
3
What is the units digit of 80724?
4
What is the tens digit of 5072?
7
What is the tens digit of 1434?
3
What is the tens digit of 5571?
7
What is the tens digit of 3585?
8
What is the tens digit of 220?
2
What is the units digit of 1246?
6
What is the thousands digit of 73352?
3
What is the thousands digit of 6822?
6
What is the thousands digit of 1193?
1
What is the units digit of 2779?
9
What is the ten thousands digit of 16929?
1
What is the tens digit of 43748?
4
What is the ten thousands digit of 10971?
1
What is the tens digit of 4623?
2
What is the hundreds digit of 54773?
7
What is the tens digit of 392?
9
What is the thousands digit of 24731?
4
What is the units digit of 1618?
8
What is the hundreds digit of 11829?
8
What is the hundreds digit of 45042?
0
What is the hundred thousands digit of 145217?
1
What is the units digit of 1566?
6
What is the units digit of 3682?
2
What is the thousands digit of 4772?
4
What is the ten thousands digit of 29710?
2
What is the tens digit of 5335?
3
What is the units digit of 65296?
6
What is the units digit of 1541?
1
What is the hundreds digit of 2491?
4
What is the tens digit of 85?
8
What is the thousands digit of 1569?
1
What is the hundreds digit of 40489?
4
What is the ten thousands digit of 13981?
1
What is the tens digit of 253?
5
What is the units digit of 346?
6
What is the units digit of 1113?
3
What is the hundreds digit of 2599?
5
What is the thousands digit of 2384?
2
What is the hundreds digit of 7694?
6
What is the thousands digit of 3037?
3
What is the tens digit of 32?
3
What is the tens digit of 2100?
0
What is the tens digit of 3958?
5
What is the ten thousands digit of 19618?
1
What is the thousands digit of 6284?
6
What is the tens digit of 161024?
2
What is the units digit of 9781?
1
What is the hundreds digit of 676?
6
What is the thousands digit of 19622?
9
What is the units digit of 29996?
6
What is the tens digit of 4304?
0
What is the tens digit of 54852?
5
What is the tens digit of 56108?
0
What is the units digit of 3107?
7
What is the thousands digit of 1386?
1
What is the hundreds digit of 1442?
4
What is the thousands digit of 25962?
5
What is the hundreds digit of 21062?
0
What is the units digit of 28334?
4
What is the units digit of 384?
4
What is the tens digit of 1625?
2
What is the tens digit of 389?
8
What is the units digit of 877?
7
What is the ten thousands digit of 12614?
1
What is the units digit of 161?
1
What is the thousands digit of 2459?
2
What is the tens digit of 10561?
6
What is the hundreds digit of 566?
5
What is the hundreds digit of 6624?
6
What is the hundreds digit of 1969?
9
What is the hundreds digit of 110909?
9
What is the units digit of 53438?
8
What is the thousands digit of 2113?
2
What is the units digit of 8401?
1
What is the units digit of 5725?
5
What is the thousands digit of 3665?
3
What is the hundreds digit of 65083?
0
What is the hundreds digit of 91616?
6
What is the ten thousands digit of 10884?
1
What is the units digit of 49934?
4
What is the units digit of 7581?
1
What is the units digit of 43571?
1
What is the units digit of 14841?
1
What is the hundreds digit of 46395?
3
What is the thousands digit of 39342?
9
What is the thousands digit of 2663?
2
What is the units digit of 3669?
9
What is the hundreds digit of 2252?
2
What is the tens digit of 42000?
0
What is the thousands digit of 20800?
0
What is the units digit of 501?
1
What is the thousands digit of 17579?
7
What is the units digit of 705?
5
What is the tens digit of 